e factors of s.
11
Suppose 4*y + 3 = 3*n, 0 = 2*y - 6*n + 3*n + 9. Suppose -5 = 2*s + 5*a, 0*s + 2 = y*s - 2*a. Suppose -4*r + 110 + 30 = s. List the prime factors of r.
5, 7
Let t(k) = 38*k - 12. Let f be t(5). Suppose 0 = 3*u + l - f, 4*u - 4*l - 291 = -u. List the prime factors of u.
59
Suppose 111*p - 113*p = -3336. List the prime factors of p.
2, 3, 139
Let c be -3 + 6 + (-1)/(1/(-11)). Let u(j) = 5*j - 3. Let y(b) = 11*b - 5. Let q(x) = -13*u(x) + 6*y(x). List the prime factors of q(c).
23
Suppose 12*p - 26 = 10*p. Let t = p + -11. List the prime factors of t.
2
Let s(r) = -r**3 - r**2. Let z(l) = -5*l**3 + 4*l**2 - 5*l - 3. Let b(q) = 4*s(q) - z(q). What are the prime factors of b(8)?
43
Let k(l) = -l**3 + 5*l**2 + 3*l - 6. Let y be k(5). Let q(d) = d**3 - 8*d**2 - 6*d - 1. List the prime factors of q(y).
2, 13
Let c = -1350 + 2329. What are the prime factors of c?
11, 89
Let p be (2/(-6))/(8/(-48)). Suppose 0*q + p*q = 2*j + 92, 4*q + 2*j = 196. Suppose -2*f + 6*f + a - q = 0, -5*f - 4*a = -71. List the prime factors of f.
11
Suppose -107*v + 120*v = -3484. Suppose -2*r + r + n = 0, 4*n = -12. What are the prime factors of r/2 + v/(-8)?
2
Suppose 5*i - 5*c + 2*c = -27, 0 = -2*i - c - 2. List the prime factors of 200/12 + (-1)/i.
17
Let d = 555 - 349. Suppose 0 = 4*k - 2*y - 504 - d, 4*k = -4*y + 692. List the prime factors of k.
2, 11
Suppose -4*i + 25 = -5*x + 2*x, 2*i = 4*x + 50. Let f be x/21 - (-2)/(-7). What are the prime factors of (12 - 1) + (f - -2)?
2, 3
Let o(w) = 72*w**3 - 3*w**2 + 6*w - 2. Let b be o(1). Let r = b - -25. List the prime factors of r.
2, 7
Let i be 5 + 13 + (-1 - -2) - 1. Let y(z) = -13*z - 2. Let v be y(-5). Let r = v - i. What are the prime factors of r?
3, 5
Let c(y) = 2*y**3 - 11*y**2 + 6*y - 4. Let u be c(5). Let n(l) = 150*l**2 - 4*l + 5. What are the prime factors of n(u)?
151
Let y(c) = 23*c - 3. Suppose -8 = -2*k - 2*v + 10, 0 = -k + 4*v + 9. Let l(z) = -46*z + 7. Let t(m) = k*y(m) + 4*l(m). What are the prime factors of t(1)?
2, 3
Let b = -156 - -376. What are the prime factors of b?
2, 5, 11
Let n(b) = -b**3 - 9*b**2 + 4*b + 6. List the prime factors of n(-10).
2, 3, 11
Let t(z) = -z**2 + 3*z - 4. Let d be t(2). Let k = 6 - d. What are the prime factors of k?
2
Suppose -272 = -l - 3*l. Suppose -x + l + 12 = 0. What are the prime factors of x?
2, 5
Let r(l) = -7*l + 31. Let i be -2 - 56/5 - 11/(-55). What are the prime factors of r(i)?
2, 61
What are the prime factors of 60/5 + -4 + 987?
5, 199
Suppose 4*o = 4*x - 20, -8*x + 20 = 2*o - 4*x. Suppose o = -2*v - 2*v + 192. List the prime factors of v.
2, 3
Suppose 3*a + 216 = -3*a. List the prime factors of (a/(-10))/(3 - (-208)/(-70)).
2, 3, 7
Suppose 5*g = 5 + 5. Let r(x) = -4 + 16*x**2 - 2*x - 3*x**2 - 6*x**2 - 6*x**g. What are the prime factors of r(-6)?
2, 11
Let x(z) = 4*z**2 - 1. Suppose 0 = l - 0 - 11. Suppose 4 = 5*k - l. What are the prime factors of x(k)?
5, 7
Let w = 0 - 0. Let p(d) be the second derivative of -d**3/3 + 27*d**2/2 + 15*d. What are the prime factors of p(w)?
3
Suppose 6 = -3*s - 0*s, -2*t - s = -372. What are the prime factors of t?
11, 17
Suppose -119*z + 120*z = 1986. List the prime factors of z.
2, 3, 331
Let k(g) = 24*g - 8. Let y be k(-6). Let f = -98 - y. Let b = -36 + f. What are the prime factors of b?
2, 3
Let x(r) = 3*r + 67. Let k be x(0). Let n = -39 + k. What are the prime factors of n?
2, 7
Let b be (-274)/6 - (-2)/(-6). Let s be (9 - 12)*((-70)/(-6) - 1). Let u = s - b. What are the prime factors of u?
2, 7
Let h(d) = -5*d**2 - 20*d + 23. Let p(c) = 4*c**2 + 20*c - 22. Let s(a) = 5*h(a) + 6*p(a). What are the prime factors of s(13)?
2, 37
Suppose -2*n + 1574 = -4*l, 4*n = 6*n - 5*l - 1578. List the prime factors of n.
19, 41
Let f = 430 - -72. List the prime factors of f.
2, 251
Let s(v) = v**3 - 3*v**2 + 7*v - 2. Let o be s(3). Suppose o*f - 3*f - 512 = 0. What are the prime factors of f?
2
Let u(r) be the third derivative of 3*r**5/10 - r**4/8 - 4*r**3/3 + 15*r**2. List the prime factors of u(-3).
163
Suppose -46 = -f + 14. List the prime factors of f.
2, 3, 5
Let k(r) = -r**3 + 4*r**2 - 5*r + 7. Let v(c) = -c**3 + 3*c**2 - 5*c + 7. Let f(z) = 5*k(z) - 4*v(z). What are the prime factors of f(6)?
7
Let g(y) = -2*y**2 - 5*y - 1. Let t be g(-1). What are the prime factors of ((-2)/(-4))/(t/(233 + 3))?
59
Suppose 5*c - 20 = -z, 3*z = -2*c + 6*c - 16. Suppose 5*n + 161 - 426 = z. List the prime factors of n.
53
Suppose 0 = -2*v + 7*v + 170. Suppose -2*h + k - 4*k + 2 = 0, -h + 8 = 5*k. Let u = h - v. What are the prime factors of u?
2
Let j = -3 - -1. Let s be j*(-3 - (-14)/4). List the prime factors of (-12)/(-4) - (-3 + s).
7
Suppose 23 = -4*x - 17. Let o = 33 + x. List the prime factors of o.
23
Let f be (-6)/9*(-102)/4. Let k be (2/(-2))/(6/54). Let c = f + k. What are the prime factors of c?
2
Let z(d) = 4*d**2 + 34*d - 14. List the prime factors of z(14).
2, 7, 89
Let q(s) = -s**3 - 8*s**2 - 7*s + 3. Let j be q(-7). Let t(z) = 5*z - 1. What are the prime factors of t(j)?
2, 7
Let g be 2 - (-140)/(-2)*2. Let x be (g/(-5))/(9/30). Suppose -3*b - 8*z = -4*z - 56, 3*b = 5*z + x. List the prime factors of b.
2, 3
Let a = -213 + 644. What are the prime factors of a?
431
Let g be -4*15/(-20) - -5. Suppose -9*c - g*c = -1071. List the prime factors of c.
3, 7
Let o be 129/(-12) + 5/(-20). Let c = -8 - o. Suppose c*b + 72 = 5*z, 3*z + 3*b - 42 - 6 = 0. What are the prime factors of z?
3, 5
List the prime factors of 3668/10 + (-5)/(-50)*2.
367
Suppose 4*p + 5*t + 802 - 2700 = 0, 0 = 3*p + 2*t - 1420. List the prime factors of p.
2, 59
Let z be (-429)/13 - (0 + 2). Let k = 0 - z. List the prime factors of k.
5, 7
Let g = -29 - -31. Suppose 5*m = 3*d - 2*d - 92, g*d - 2*m = 160. What are the prime factors of d?
7, 11
Let z be 63/27 - 1/3. Let h(b) = -6*b**2 + 12 + 3*b**z + 0*b**2 + 2*b**2 - 17*b. What are the prime factors of h(-15)?
2, 3, 7
Let y = 2236 - 1536. What are the prime factors of y?
2, 5, 7
Let h be 3 + 0 + 1*-1. Let r(k) = -h + 2*k - 16*k + 2 + 6. What are the prime factors of r(-3)?
2, 3
Let l be 8/(-12)*(-5 - -2). Suppose 2*m + 192 = 3*s - m, 3*s - l*m = 197. List the prime factors of s.
3, 23
Let i = -857 - -1297. Suppose 5*a = -5*v + i, a + 4*v - 94 = -12. List the prime factors of a.
2, 3, 5
Suppose -1301 = -3*b - y, -b - 3*y = 2*b - 1299. What are the prime factors of b?
2, 7, 31
Let a(u) = u**2 + 3*u + 3. Let l be a(-2). Let j be ((-2)/l)/1 - 21. Let m = 36 + j. List the prime factors of m.
13
Let l be (36/8 + -1)*2. Let i = 15 + -11. Let y = l - i. What are the prime factors of y?
3
Let d be (-16)/40 - (-4234)/10. Suppose -4*i = -4*a - d - 9, 0 = -5*i - a + 540. List the prime factors of i.
2, 3
Let l = -13 + 15. Let i(k) = 1. Let c(a) = 3*a - 5. Let t(f) = l*i(f) + c(f). What are the prime factors of t(2)?
3
Let d(y) = 41*y**3 - 4*y**2 + 5*y - 1. Let u be d(1). Suppose 7 = 5*q - 3*c, 5*c = 5*q + 4*c - 9. List the prime factors of u + q + (-2 - -3).
2, 11
Let z(l) = l**2 - 13*l + 34. Suppose 2*u - 78 + 50 = 0. What are the prime factors of z(u)?
2, 3
Let c(r) = -3*r + 1. Suppose 15 = -10*i + 13*i. Let w = -7 + i. List the prime factors of c(w).
7
Suppose -214 = -2*z - v + 113, 3*v - 151 = -z. List the prime factors of z.
2, 83
Let w = 6 + -4. Let q be (w/(-4))/(3/(-6)). Suppose q = -p + 32. List the prime factors of p.
31
Suppose -3 = -6*j + 3*j - 3*x, -2*x = -2*j + 10. Suppose 5 = 4*k + 25, -4*l - 2*k = -6. Suppose j*u = 6, -4*r - l*u + 100 = -0*u. List the prime factors of r.
23
Suppose -5*j + 998 + 182 = -5*a, -1171 = -5*j + 2*a. List the prime factors of j.
233
Let g(h) = -h**3 + 8*h + 5. What are the prime factors of g(-7)?
2, 73
Suppose -20*y + 23*y = 2*p - 4076, 2028 = p + y. List the prime factors of p.
2, 127
Suppose 3124 = 4*t - 5*q + 9*q, -3*q + 12 = 0. List the prime factors of t.
3, 7, 37
Suppose 0 = -7*w + 3*w. Suppose -2*f + 40 = -w*f. What are the prime factors of f?
2, 5
Suppose 2*f = 4 + 2. Suppose y + 3*z = -2*y + 9, -f*z + 1 = -y. Suppose y*v + 3*t - 105 = 0, 2*t - 103 = -2*v - 3*t. List the prime factors of v.
2, 3
Let x(q) = q**3 + 2*q**2 + q - 9. Let w(m) = 3*m**3 + 5*m**2 + 2*m - 18. Let y = -15 + 10. Let t(d) = y*x(d) + 2*w(d). List the prime factors of t(0).
3
Let n(b)